ppose 2*a - 8 = -3*v, 3*v + v - 14 = -a. Let f(d) = -d**2 + 8*d + 5. Let z be f(7). Calculate the greatest common factor of z and v.
4
Let j(t) = -3*t**2 - 2*t + 2. Let k be j(-3). Let i = k + 33. Let m = i + -10. What is the highest common divisor of m and 36?
4
Let b = 243 + -387. Let w be (-2)/7 - b/14. Let f = 550 + -480. What is the greatest common factor of f and w?
10
Suppose 0 = 2*f - a - 53, 69*f = 71*f - 5*a - 73. Suppose -6*b + 2*b + 4 = 0. Let k be (-1 - b/2)*-2. Calculate the highest common divisor of f and k.
3
Let q(v) = 11*v - 141. Let t be q(13). Calculate the greatest common divisor of t and 34.
2
Suppose 5*c - 4*d = -90 + 596, -4*c + d = -407. Calculate the greatest common factor of c and 68.
34
Suppose -44*a + 54 = -474. Let z = 0 - 1. Let h be 109 - (1 + -2)*z. Calculate the highest common factor of a and h.
12
Suppose 59*s - 1379 = 3341. What is the highest common factor of s and 270?
10
Let y be (7 - (0 - 0)) + -1. Suppose -g + 4*g - y = 0. Suppose g*z = z + 6. What is the highest common divisor of 24 and z?
6
Suppose -i = -5*i + 2*d + 1188, d - 590 = -2*i. Let k be i/30 - (-4)/30. Calculate the greatest common factor of k and 10.
10
Suppose 0 = -5*c + 688 - 93. Calculate the greatest common divisor of c and 34.
17
Let b be 2844/(-4)*11/((-66)/12). What is the greatest common factor of 9 and b?
9
Suppose 5 = 5*y + 35. Let b be ((-4)/y)/(6/18). Suppose -4*h = -4*g - 68, -4*h - b*g = 2*g - 92. What is the greatest common divisor of 20 and h?
20
Let i(o) = 2*o**2 - 29*o + 57. Let k be i(27). What is the greatest common divisor of k and 12?
12
Let g be ((-4)/10)/(3 + 138/(-45)). Suppose 6 = 4*s - 3*s. Calculate the greatest common divisor of s and g.
6
Suppose -27 = n - 0*n + 2*u, -u = n + 25. Let b be -4 - (n + (4 - 4)). What is the highest common factor of 133 and b?
19
Suppose -49*f + 5451 = -1899. What is the greatest common divisor of 870 and f?
30
Let o(i) = -i**3 - 12*i**2 - 11*i + 4. Let l be o(-11). Suppose l = u + u. Calculate the highest common divisor of u and 10.
2
Let k be 4 - (6 - 4*(0 - -1)). Let f be 0 + (52/1)/k. What is the highest common factor of 4 and f?
2
Suppose 2*y - 2900 = -39*r + 40*r, -5788 = -4*y + 5*r. What is the highest common divisor of 88 and y?
44
Let u(x) = -2*x**2 - 44*x + 8. Let l be u(-18). Calculate the greatest common divisor of 24 and l.
8
Let t(q) = q**2 - 9*q + 34. Let d be t(15). Let u = 138 - d. What is the greatest common divisor of u and 6?
2
Let o(p) = 69*p**2 + 8*p + 2. Let m be o(-1). Calculate the highest common factor of m and 105.
21
Let m be 1/(-4) + 1/4. Suppose 0 = 5*s + 15, m*s + 12 = 2*k - 2*s. Suppose 0 = 2*o - 3 - k. Calculate the greatest common divisor of o and 27.
3
Let h = 2381 + -1679. Suppose 0 = -2*s + 2*q + 702, -5*q = -2*s - 0*q + h. Let x be (s/(-26))/((-6)/8). What is the greatest common divisor of 2 and x?
2
Suppose 76*p - 65*p = 18645. Calculate the greatest common divisor of 15 and p.
15
Suppose 8*n - 13 - 3 = 0. Let w be (-7)/7*(-52)/n. Calculate the highest common divisor of w and 13.
13
Let z = 85 - 26. Let b = z + -35. What is the greatest common divisor of b and 36?
12
Let y = -3583 + 5543. Calculate the highest common factor of y and 40.
40
Let p be (1 - 1) + 10/(-25)*-10. Suppose -2*r - p*b + 380 = r, 5 = b. What is the greatest common divisor of 40 and r?
40
Let u(b) = -b - 8. Let a be u(-8). Suppose a*m - m = 0. Suppose m = -4*l - 2*d + 186, d = -3*l + 3*d + 150. What is the greatest common divisor of 6 and l?
6
Suppose -4*i - 4*t = 316, 6*i - 5*i = -2*t - 79. Let n = 128 + i. Calculate the greatest common divisor of 7 and n.
7
Suppose 4*j = v - 2, 2*v = -j + 6 + 34. Calculate the greatest common factor of 18 and v.
18
Let k = 30 - -44. Let d = 86 - k. Calculate the greatest common divisor of d and 24.
12
Let u be -2 + 1 - 3*38/(-6). Suppose 2*c + 12 = 6*c. Let o(b) = 67*b - 3. Let s be o(c). Calculate the greatest common factor of u and s.
18
Suppose 5*i - 41 - 49 = 0. Let u = 2172 + -2028. What is the greatest common divisor of u and i?
18
Let g(f) = 2*f**2 - 21*f - 251. Let r be g(-9). Calculate the highest common factor of 20 and r.
20
Suppose -12 = -2*v - 4*o, 4*v = -0*v + 3*o + 79. Suppose 2*j = 48 - v. Calculate the greatest common divisor of j and 8.
8
Suppose -104 = -5*z + 666. Let x = 39 + -74. Let g = x - -49. Calculate the greatest common divisor of g and z.
14
Let s be (-2)/(-4) - (-1130)/(-20). Let a = 156 + s. What is the greatest common factor of 20 and a?
20
Let b(z) = 7*z**2 + 3*z. Let o be b(3). Suppose 18 + 22 = 5*f. Calculate the greatest common factor of f and o.
8
Suppose 0 = 4*v - 0*v - 2*t - 420, 2*v - 206 = -t. Suppose 242 - 307 = -5*m. Calculate the highest common factor of v and m.
13
Let f = 5 - 3. Let d(m) = -f*m + 2 + 3 + 3*m + 3. Let i be d(13). What is the greatest common factor of i and 84?
21
Suppose s - 1 = -26. Let u be 98/5 + (-10)/s. Calculate the highest common factor of 20 and u.
20
Suppose -5*t + 798 = 2*d, 3*d - 764 = -4*t - 127. What is the greatest common factor of t and 50?
10
Let g(x) be the third derivative of x**6/30 - x**5/15 + x**4/12 + 2*x**3/3 + 21*x**2. Let u be g(4). Calculate the highest common divisor of u and 51.
51
Suppose 5*h = -5*n - 0*n, 2*n = 2*h - 20. Suppose 4*v - 123 = -0*v + h*j, -3*v + 78 = j. Calculate the greatest common factor of 135 and v.
27
Suppose -h + 0*h - 4*t - 17 = 0, 0 = 4*h - 4*t - 12. Let d be 1/(h + 64/63). What is the greatest common factor of d and 7?
7
Suppose 3*i = 3 + 6. Let g(h) = 2*h + i*h - 3*h - 4*h + 15. Let d be g(7). Calculate the greatest common divisor of 3 and d.
1
Let i(r) = 4*r**2 + 0 + 4 + 3*r - r**3 - 3. Let l be i(4). Let c = 20 - l. Calculate the highest common factor of 49 and c.
7
Let u(p) = p**2 + 3*p + 7. Suppose -12*b = -4*b - 32. Let y be u(b). What is the highest common factor of 10 and y?
5
Let t(j) = j + 7. Let b be t(-11). Let f = b + 18. Let s be 5*(1 - (-279)/15). What is the highest common factor of s and f?
14
Let g be 1 + 907 - 6/(-15)*10. What is the highest common factor of g and 48?
48
Let c(f) = f**2 - 16*f + 47. Let u be c(16). Let x = u - 46. Calculate the greatest common factor of x and 5.
1
Let y(j) = -10*j**2 + 2. Let v be y(-1). Let t be (-2)/v*0 + 15. What is the highest common divisor of 105 and t?
15
Let s(g) = 16*g**2 + g + 64. Let i be s(0). What is the highest common divisor of 28 and i?
4
Let r(c) = -c + 200. Let i be r(-45). What is the highest common divisor of 7 and i?
7
Let v = -2987 - -2993. Suppose -6*k - 2*g + 30 = -2*k, -27 = -4*k - g. What is the highest common factor of v and k?
6
Suppose 2*t = 4*h + 24, 4*h + 222 = 3*t + 182. Suppose -1 = -5*s + 39. What is the greatest common factor of s and t?
8
Let f be -13*(-2 + 1) - -1. Suppose -22 = -a + f. Suppose -2*o + 8 = -16. What is the highest common divisor of o and a?
12
Let a = 80 - 54. Let m(j) = j**3 - 3*j**2 - 2*j - 2. Let w be m(4). Let u be ((-78)/(-9))/(4/w). What is the highest common divisor of u and a?
13
Suppose -3*z - 4*h = 13 + 9, 2*z - 5*h = -7. Let g(s) = s + 12. Let l be g(z). Calculate the greatest common factor of 12 and l.
6
Let i = -475 - -526. Calculate the greatest common divisor of 663 and i.
51
Suppose -49*h = -59*h + 320. Let c(a) = -5*a + 7. Let l be c(-5). What is the greatest common divisor of l and h?
32
Let x be (-6)/(-2) + (-85)/(-5) - 2. What is the greatest common factor of 90 and x?
18
Let z(w) = 6*w - 8. Let j be z(2). Let m be (270/(-21))/((-3)/(84/j)). Calculate the highest common factor of 9 and m.
9
Let z be (-61916)/(-2300) + 2/25. Calculate the highest common factor of z and 63.
9
Suppose 3*j + 5*c - 1031 = 0, -1 = 2*c + 9. What is the highest common factor of 22 and j?
22
Suppose -35*v + 37*v = -574. Let i = -170 - v. Calculate the highest common factor of 78 and i.
39
Let g = -389 - -592. Calculate the highest common factor of g and 28.
7
Let j(s) = -s - 19. Let p be j(-9). Let a = -6 - p. What is the highest common divisor of 6 and a?
2
Let p(f) = -145*f - 698. Let w be p(-5). Let c be ((-594)/8)/(1/(-4)). Calculate the highest common divisor of c and w.
27
Let u(d) = 5*d - 131. Let h be u(28). Let y = -39 - -57. What is the greatest common divisor of y and h?
9
Let u(b) = -2*b**3 + 27*b**2 - 4*b + 13.